{"id":393,"date":"2025-11-27T02:27:24","date_gmt":"2025-11-26T21:27:24","guid":{"rendered":"https:\/\/vri.unsa.edu.pe\/gestion-informacion\/?page_id=393"},"modified":"2025-11-27T02:27:24","modified_gmt":"2025-11-26T21:27:24","slug":"solicitud-de-publicacion-de-programas-informaticos","status":"publish","type":"page","link":"https:\/\/vri.unsa.edu.pe\/gestion-informacion\/solicitud-de-publicacion-de-programas-informaticos\/","title":{"rendered":"Solicitud de Publicaci\u00f3n de Programas Inform\u00e1ticos"},"content":{"rendered":"<div id=\"dslc-main\">\r\n\t\t<div  class=\"dslc-modules-section \" style=\"\" data-section-id=\"5d1a788a3a4\">\r\n\t\t\t\t\r\n\t\t\t\t\r\n\t\t\t\t<div class=\"dslc-modules-section-wrapper dslc-clearfix\"><div class=\"dslc-modules-area dslc-col dslc-8-col dslc-first-col dslc-valign- \" data-size=\"8\" data-valign=\"\">\r\n\t\t<div id=\"dslc-module-2061ea9b5cc\" class=\"dslc-module-front dslc-module-DSLC_Text_Simple dslc-in-viewport-check dslc-in-viewport-anim-none  dslc-col dslc-12-col dslc-last-col  dslc-module-handle-like-regular \" data-module-id=\"2061ea9b5cc\" data-module=\"DSLC_Text_Simple\" data-dslc-module-size=\"12\" data-dslc-anim=\"none\" data-dslc-anim-delay=\"\" data-dslc-anim-duration=\"650\"  data-dslc-anim-easing=\"ease\" data-dslc-preset=\"none\" >\r\n\r\n\t\t\t\r\n\t\t\t\r\n\t\t\r\n\t\t<div class=\"dslc-text-module-content\">\r\n\t\t\t<h1><strong>Solicitud de publicaci\u00f3n de Programas Inform\u00e1ticos en el Repositorio Institucional UNSA<\/strong><\/h1>\n\n    <p>\n        Este servicio est\u00e1 dirigido a los desarrolladores, docentes y estudiantes de la UNSA que deseen registrar software, aplicaciones o sistemas inform\u00e1ticos desarrollados en la universidad. \n        El tr\u00e1mite permite salvaguardar el c\u00f3digo fuente y la documentaci\u00f3n t\u00e9cnica en el Repositorio Institucional.\n    <\/p>\n\n<a href=\"https:\/\/proyectos-vri.unsa.edu.pe\/repo\/index.php?class=FormSolicitudPublicacionProgramas&method=onLoad\" style=\"text-decoration: none;\">\n    <button>\n        Iniciar solicitud\n    <\/button>\n<\/a>\t\t<\/div>\r\n\r\n\t\t\r\n\t\t\t\t<\/div><!-- .dslc-module -->\r\n\t\t\r\n\t\t<div id=\"dslc-module-77f04527103\" class=\"dslc-module-front dslc-module-DSLC_Text_Simple dslc-in-viewport-check dslc-in-viewport-anim-none  dslc-col dslc-12-col dslc-last-col  dslc-module-handle-like-regular \" data-module-id=\"77f04527103\" data-module=\"DSLC_Text_Simple\" data-dslc-module-size=\"12\" data-dslc-anim=\"none\" data-dslc-anim-delay=\"\" data-dslc-anim-duration=\"650\"  data-dslc-anim-easing=\"ease\" data-dslc-preset=\"none\" >\r\n\r\n\t\t\t\r\n\t\t\t\r\n\t\t\r\n\t\t<div class=\"dslc-text-module-content\">\r\n\t\t\t<div class=\"unsa-visuals\">\n<section>\n        <h2><strong>Antes de empezar<\/strong><\/h2>\n<hr>\n        <p>Para realizar este registro, es indispensable contar con la siguiente informaci\u00f3n y documentos:<\/p>\n        <ul>\n            <li>Tener una cuenta de Google activa para el acceso.<\/li>\n            <li>Datos completos de todos los autores\/desarrolladores.<\/li>\n            <li>Informaci\u00f3n t\u00e9cnica del software (Resumen, idioma, palabras clave).<\/li>\n        <\/ul>\n\n        <div class=\"alert-box\">\n            <strong>Documentaci\u00f3n obligatoria en PDF:<\/strong><br>\n            A diferencia de otros tr\u00e1mites, este formulario exige <strong>5 archivos espec\u00edficos<\/strong>. Aseg\u00farate de tenerlos listos en formato PDF:\n            <ol>\n                <li><strong>Constancia de otorgamiento por INDECOPI:<\/strong> El documento legal de registro de propiedad intelectual.<\/li>\n                <li><strong>C\u00f3digo Fuente:<\/strong> El archivo con el c\u00f3digo del programa.<\/li>\n                <li><strong>Manual de Instalaci\u00f3n:<\/strong> Gu\u00eda t\u00e9cnica para el despliegue del software.<\/li>\n                <li><strong>Manual de Usuario:<\/strong> Gu\u00eda para el uso del sistema.<\/li>\n                <li><strong>Autorizaci\u00f3n de Publicaci\u00f3n:<\/strong> Documento firmado por los autores.<\/li>\n            <\/ol>\n        <\/div>\n    <\/section>\n<\/div>\n<style>\n    \/* Estilos M\u00cdNIMOS para componentes visuales\n       (C\u00edrculos de pasos y Caja de Alerta)\n    *\/\n\n    \/* Variables de color solo para los elementos visuales *\/\n    .unsa-visuals {\n        --primary-color: #002060; \/* Azul de los c\u00edrculos *\/\n        --link-color: #0056ac;    \/* Azul del borde de alerta *\/\n    }\n\n    \/* 1. ESTILO CAJA DE ALERTA (Como tu imagen) *\/\n    .unsa-visuals .alert-box {\n        background-color: #e8f4fd;\n        border-left: 4px solid var(--link-color);\n        padding: 15px;\n        margin: 20px 0;\n    }\n\n    \n<\/style>\t\t<\/div>\r\n\r\n\t\t\r\n\t\t\t\t<\/div><!-- .dslc-module -->\r\n\t\t\r\n\t\t<div id=\"dslc-module-801776da49a\" class=\"dslc-module-front dslc-module-DSLC_Text_Simple dslc-in-viewport-check dslc-in-viewport-anim-none  dslc-col dslc-12-col dslc-last-col  dslc-module-handle-like-regular \" data-module-id=\"801776da49a\" data-module=\"DSLC_Text_Simple\" data-dslc-module-size=\"12\" data-dslc-anim=\"none\" data-dslc-anim-delay=\"\" data-dslc-anim-duration=\"650\"  data-dslc-anim-easing=\"ease\" data-dslc-preset=\"none\" >\r\n\r\n\t\t\t\r\n\t\t\t\r\n\t\t\r\n\t\t<div class=\"dslc-text-module-content\">\r\n\t\t\t<style>\n    \/* Estilos M\u00cdNIMOS para componentes visuales\n       (C\u00edrculos de pasos y Caja de Alerta)\n    *\/\n\n    \/* Variables de color solo para los elementos visuales *\/\n    .unsa-visuals {\n        --primary-color: #002060; \/* Azul de los c\u00edrculos *\/\n        --link-color: #0056ac;    \/* Azul del borde de alerta *\/\n    }\n\n    \/* 2. ESTILO PASOS NUMERADOS (Los c\u00edrculos azules) *\/\n    .unsa-visuals .steps-list {\n        list-style: none !important;\n        padding: 0;\n        counter-reset: step-counter; \/* Inicia el contador *\/\n    }\n\n    .unsa-visuals .steps-list > li {\n        position: relative;\n        padding-left: 50px; \/* Espacio para el c\u00edrculo *\/\n        margin-bottom: 30px;\n    }\n\n    \/* El c\u00edrculo con el n\u00famero *\/\n    .unsa-visuals .steps-list > li::before {\n        content: counter(step-counter);\n        counter-increment: step-counter;\n        position: absolute;\n        left: 0;\n        top: 0; \/* Ajusta esto si el n\u00famero queda muy arriba respecto al texto *\/\n        width: 35px;\n        height: 35px;\n        background-color: var(--primary-color);\n        color: white;\n        border-radius: 50%; \/* Lo hace redondo *\/\n        display: flex;\n        justify-content: center;\n        align-items: center;\n        font-weight: bold;\n        font-size: 1.1rem;\n    }\n<\/style>\n\n<div class=\"unsa-visuals\">\n   \n        <h2><strong>C\u00f3mo hacerlo<\/strong><\/h2>\n<hr>\n        <ol class=\"steps-list\">\n            <li>\n                <h3>Inicia sesi\u00f3n en la plataforma<\/h3>\n                <p>Ingresa al portal del Repositorio Institucional (RI UNSA). En la pantalla de inicio, haz clic en <strong>\"Log in with Google\"<\/strong>.<\/p>\n                <p>Selecciona tu cuenta y acepta los permisos necesarios para que el sistema <strong>gmail.com<\/strong> verifique tus credenciales.<\/p>\n            <\/li>\n\n            <li>\n                <h3>Selecciona el tr\u00e1mite de Software<\/h3>\n                <p>En el panel principal (Dashboard), ubica la cuarta tarjeta azul titulada:<\/p>\n                <p><strong>\"Solicitud de Publicaci\u00f3n de Programas Inform\u00e1ticos\"<\/strong><\/p>\n            <\/li>\n\n            <li>\n                <h3>Completa el formulario t\u00e9cnico<\/h3>\n                <p>Llena los campos requeridos con la informaci\u00f3n del software:<\/p>\n\n                <ul>\n                    <li><strong>Tipo de Programa:<\/strong> Selecciona la categor\u00eda en el primer men\u00fa desplegable.<\/li>\n                    <li><strong>Autores:<\/strong>\n                        <ul>\n                            <li>Registra a los autores de la <em>Comunidad Universitaria<\/em> (DNI, Apellidos, Nombres, Dependencia).<\/li>\n                            <li>Si corresponde, a\u00f1ade los datos de la <em>Instituci\u00f3n Externa<\/em>.<\/li>\n                        <\/ul>\n                    <\/li>\n                    <li><strong>Datos del documento digital:<\/strong>\n                        <ul>\n                            <li>Ingresa el <strong>A\u00f1o de publicaci\u00f3n<\/strong> y el <strong>T\u00edtulo del programa inform\u00e1tico<\/strong>.<\/li>\n                            <li>Selecciona el <strong>Idioma<\/strong> y pega el <strong>Resumen<\/strong> funcional del software.<\/li>\n                        <\/ul>\n                    <\/li>\n                    <li><strong>Clasificaci\u00f3n:<\/strong>\n                        <\/li><li>Elige la <strong>Disciplina OCDE<\/strong>.<\/li>\n                        <li>Ingresa las <strong>Palabras clave<\/strong> separadas por comas (m\u00ednimo 3).<\/li>\n                    \n                <\/ul>\n            <\/li>\n\n            <li>\n                <h3>Sube los 5 archivos requeridos<\/h3>\n                <p>En la secci\u00f3n final \"Documentos a publicar\", deber\u00e1s cargar cada archivo en su casilla correspondiente:<\/p>\n                <ul>\n                    <li>Constancia INDECOPI (*)<\/li>\n                    <li>C\u00f3digo Fuente (*)<\/li>\n                    <li>Manual de Instalaci\u00f3n (*)<\/li>\n                    <li>Manual de usuario (*)<\/li>\n                    <li>Autorizaci\u00f3n de Publicaci\u00f3n (*)<\/li>\n                <\/ul>\n                <p><em>Recuerda que todos los campos marcados con (*) son obligatorios. Al finalizar la carga, presiona el bot\u00f3n azul <strong>\"Enviar solicitud\"<\/strong>.<\/em><\/p>\n            <\/li>\n\n            <li>\n                <h3>Realiza el seguimiento<\/h3>\n                <p>Al enviar el formulario, ser\u00e1s redirigido a la secci\u00f3n \"Tr\u00e1mites\".<\/p>\n                <p>Busca tu solicitud en la lista y verifica la columna <strong>\"Estado\"<\/strong> para confirmar que ha sido recibida correctamente o para atender posibles observaciones del administrador del repositorio.<\/p>\n            <\/li>\n        <\/ol>\n    \n<\/div>\t\t<\/div>\r\n\r\n\t\t\r\n\t\t\t\t<\/div><!-- .dslc-module -->\r\n\t\t\r\n\t\t<div id=\"dslc-module-12f71246a4e\" class=\"dslc-module-front dslc-module-DSLC_Text_Simple dslc-in-viewport-check dslc-in-viewport-anim-none  dslc-col dslc-12-col dslc-last-col  dslc-module-handle-like-regular \" data-module-id=\"12f71246a4e\" data-module=\"DSLC_Text_Simple\" data-dslc-module-size=\"12\" data-dslc-anim=\"none\" data-dslc-anim-delay=\"\" data-dslc-anim-duration=\"650\"  data-dslc-anim-easing=\"ease\" data-dslc-preset=\"none\" >\r\n\r\n\t\t\t\r\n\t\t\t\r\n\t\t\r\n\t\t<div class=\"dslc-text-module-content\">\r\n\t\t\t<style>\n    \/* Estilos M\u00cdNIMOS para componentes visuales\n       (C\u00edrculos de pasos y Caja de Alerta)\n    *\/\n\n    \/* Variables de color solo para los elementos visuales *\/\n    .unsa-visuals {\n        --primary-color: #002060; \/* Azul de los c\u00edrculos *\/\n        --link-color: #0056ac;    \/* Azul del borde de alerta *\/\n    }\n\n    \/* 2. ESTILO PASOS NUMERADOS (Los c\u00edrculos azules) *\/\n    .unsa-visuals .steps-list {\n        list-style: none !important;;\n        padding: 0;\n        counter-reset: step-counter; \/* Inicia el contador *\/\n    }\n\n    .unsa-visuals .steps-list > li {\n        position: relative;\n        padding-left: 50px; \/* Espacio para el c\u00edrculo *\/\n        margin-bottom: 30px;\n    }\n\n    \/* El c\u00edrculo con el n\u00famero *\/\n    .unsa-visuals .steps-list > li::before {\n        content: counter(step-counter);\n        counter-increment: step-counter;\n        position: absolute;\n        left: 0;\n        top: 0; \/* Ajusta esto si el n\u00famero queda muy arriba respecto al texto *\/\n        width: 35px;\n        height: 35px;\n        background-color: var(--primary-color);\n        color: white;\n        border-radius: 50%; \/* Lo hace redondo *\/\n        display: flex;\n        justify-content: center;\n        align-items: center;\n        font-weight: bold;\n        font-size: 1.1rem;\n    }\n<\/style>\n\n<div class=\\\"unsa-visuals\\\">\n   \n        <h2><strong>Preguntas Frecuentes<\/strong><\/h2>\n<hr>\n<\/div>\t\t<\/div>\r\n\r\n\t\t\r\n\t\t\t\t<\/div><!-- .dslc-module -->\r\n\t\t\r\n\t\t<div id=\"dslc-module-c6181d6b803\" class=\"dslc-module-front dslc-module-DSLC_Accordion dslc-in-viewport-check dslc-in-viewport-anim-none  dslc-col dslc-12-col dslc-last-col  dslc-module-handle-like-accordion \" data-module-id=\"c6181d6b803\" data-module=\"DSLC_Accordion\" data-dslc-module-size=\"12\" data-dslc-anim=\"none\" data-dslc-anim-delay=\"\" data-dslc-anim-duration=\"650\"  data-dslc-anim-easing=\"ease\" data-dslc-preset=\"none\" >\r\n\r\n\t\t\t\r\n\t\t\t\r\n\t\t\r\n\t\t\t\t<div class=\"dslc-accordion\" data-open=\"1\">\r\n\r\n\t\t\t\t\t\r\n\t\t\t\t\t\t\r\n\t\t\t\t\t\t\t<div class=\"dslc-accordion-item\" id=\"accordion-0\">\r\n\r\n\t\t\t\t\t\t\t\t<div class=\"dslc-accordion-header dslc-accordion-hook\">\r\n\t\t\t\t\t\t\t\t\t<span class=\"dslc-accordion-title\" >\u00bfPara qu\u00e9 casos sirve esta solicitud?                         <\/span>\r\n\t\t\t\t\t\t\t\t\t\t\t\t\t\t\t\t\t\t\t\t\t\t\t\t\t\t\t\t<div class=\"dslca-accordion-action-hooks\">\r\n\t\t\t\t\t\t\t\t\t\t\t<span class=\"dslca-toggle-accordion-hook\"><span class=\"dslca-icon dslc-icon-minus\"><\/span><\/span>\r\n\t\t\t\t\t\t\t\t\t\t<\/div>\r\n\t\t\t\t\t\t\t\t\t\t\t\t\t\t\t\t\t<\/div>\r\n\r\n\t\t\t\t\t\t\t\t<div class=\"dslc-accordion-content\">\r\n\t\t\t\t\t\t\t\t\t<div class=\"dslca-editable-content\">\r\n\t\t\t\t\t\t\t\t\t\t<p>Esta opci\u00f3n se utiliza cuando necesitas corregir informaci\u00f3n err\u00f3nea en la ficha de tu tesis (por ejemplo, tu apellido est\u00e1 mal escrito o el t\u00edtulo tiene errores ortogr\u00e1ficos) o cuando necesitas reemplazar el archivo PDF de la tesis porque la versi\u00f3n publicada est\u00e1 incompleta o da\u00f1ada.<\/p> \t\t\t\t\t\t\t\t\t<\/div>\r\n\t\t\t\t\t\t\t\t\t\t\t\t\t\t\t\t\t<\/div><!-- .dslc-accordion-content -->\r\n\r\n\t\t\t\t\t\t\t<\/div><!-- .dslc-accordion-item -->\r\n\r\n\t\t\t\t\t\t\r\n\t\t\t\t\t\t\t<div class=\"dslc-accordion-item\" id=\"accordion-1\">\r\n\r\n\t\t\t\t\t\t\t\t<div class=\"dslc-accordion-header dslc-accordion-hook\">\r\n\t\t\t\t\t\t\t\t\t<span class=\"dslc-accordion-title\" >                         \u00bfPor qu\u00e9 me pide Informe y Reporte de Similitud nuevamente?                        <\/span>\r\n\t\t\t\t\t\t\t\t\t\t\t\t\t\t\t\t\t\t\t\t\t\t\t\t\t\t\t\t<div class=\"dslca-accordion-action-hooks\">\r\n\t\t\t\t\t\t\t\t\t\t\t<span class=\"dslca-toggle-accordion-hook\"><span class=\"dslca-icon dslc-icon-minus\"><\/span><\/span>\r\n\t\t\t\t\t\t\t\t\t\t<\/div>\r\n\t\t\t\t\t\t\t\t\t\t\t\t\t\t\t\t\t<\/div>\r\n\r\n\t\t\t\t\t\t\t\t<div class=\"dslc-accordion-content\">\r\n\t\t\t\t\t\t\t\t\t<div class=\"dslca-editable-content\">\r\n\t\t\t\t\t\t\t\t\t\t <p data-path-to-node=\"6\">Si est\u00e1s solicitando cambiar el <b>T\u00edtulo<\/b> de la investigaci\u00f3n, esto altera la identidad del trabajo registrado. Por normativa, se requiere validar que el nuevo t\u00edtulo corresponda al mismo trabajo aprobado y que cumpla con los est\u00e1ndares de originalidad, por eso el sistema marca estos documentos como obligatorios en letras rojas.<\/p> \t\t\t\t\t\t\t\t\t<\/div>\r\n\t\t\t\t\t\t\t\t\t\t\t\t\t\t\t\t\t<\/div><!-- .dslc-accordion-content -->\r\n\r\n\t\t\t\t\t\t\t<\/div><!-- .dslc-accordion-item -->\r\n\r\n\t\t\t\t\t\t\r\n\t\t\t\t\t\t\t<div class=\"dslc-accordion-item\" id=\"accordion-2\">\r\n\r\n\t\t\t\t\t\t\t\t<div class=\"dslc-accordion-header dslc-accordion-hook\">\r\n\t\t\t\t\t\t\t\t\t<span class=\"dslc-accordion-title\" >                        \u00bfQu\u00e9 hago si solo quiero reemplazar el archivo PDF de la tesis?                       <\/span>\r\n\t\t\t\t\t\t\t\t\t\t\t\t\t\t\t\t\t\t\t\t\t\t\t\t\t\t\t\t<div class=\"dslca-accordion-action-hooks\">\r\n\t\t\t\t\t\t\t\t\t\t\t<span class=\"dslca-toggle-accordion-hook\"><span class=\"dslca-icon dslc-icon-minus\"><\/span><\/span>\r\n\t\t\t\t\t\t\t\t\t\t<\/div>\r\n\t\t\t\t\t\t\t\t\t\t\t\t\t\t\t\t\t<\/div>\r\n\r\n\t\t\t\t\t\t\t\t<div class=\"dslc-accordion-content\">\r\n\t\t\t\t\t\t\t\t\t<div class=\"dslca-editable-content\">\r\n\t\t\t\t\t\t\t\t\t\t <p data-path-to-node=\"9\">Si los datos (t\u00edtulo y nombres) est\u00e1n correctos y solo quieres cambiar el archivo del contenido, generalmente solo necesitas subir el <b>Oficio<\/b> solicitando dicho cambio. Sin embargo, el sistema podr\u00eda requerir que llenes otros campos dependiendo de la configuraci\u00f3n interna; gu\u00edate siempre por los asteriscos rojos (*).<\/p> \t\t\t\t\t\t\t\t\t<\/div>\r\n\t\t\t\t\t\t\t\t\t\t\t\t\t\t\t\t\t<\/div><!-- .dslc-accordion-content -->\r\n\r\n\t\t\t\t\t\t\t<\/div><!-- .dslc-accordion-item -->\r\n\r\n\t\t\t\t\t\t\r\n\t\t\t\t\t\t\t<div class=\"dslc-accordion-item\" id=\"accordion-3\">\r\n\r\n\t\t\t\t\t\t\t\t<div class=\"dslc-accordion-header dslc-accordion-hook\">\r\n\t\t\t\t\t\t\t\t\t<span class=\"dslc-accordion-title\" >                       \u00bfPor qu\u00e9 no puedo editar el T\u00edtulo manualmente?                       <\/span>\r\n\t\t\t\t\t\t\t\t\t\t\t\t\t\t\t\t\t\t\t\t\t\t\t\t\t\t\t\t<div class=\"dslca-accordion-action-hooks\">\r\n\t\t\t\t\t\t\t\t\t\t\t<span class=\"dslca-toggle-accordion-hook\"><span class=\"dslca-icon dslc-icon-minus\"><\/span><\/span>\r\n\t\t\t\t\t\t\t\t\t\t<\/div>\r\n\t\t\t\t\t\t\t\t\t\t\t\t\t\t\t\t\t<\/div>\r\n\r\n\t\t\t\t\t\t\t\t<div class=\"dslc-accordion-content\">\r\n\t\t\t\t\t\t\t\t\t<div class=\"dslca-editable-content\">\r\n\t\t\t\t\t\t\t\t\t\t <p data-path-to-node=\"11\">Al igual que en otros formularios de actualizaci\u00f3n, los campos grises son de lectura. T\u00fa no editas el t\u00edtulo aqu\u00ed; lo que haces es enviar la solicitud con los documentos adjuntos (especialmente el Oficio) donde indicas cu\u00e1l es el error y cu\u00e1l es el dato correcto. El administrador del repositorio realizar\u00e1 el cambio bas\u00e1ndose en tus documentos.<\/p> \t\t\t\t\t\t\t\t\t<\/div>\r\n\t\t\t\t\t\t\t\t\t\t\t\t\t\t\t\t\t<\/div><!-- .dslc-accordion-content -->\r\n\r\n\t\t\t\t\t\t\t<\/div><!-- .dslc-accordion-item -->\r\n\r\n\t\t\t\t\t\t\r\n\t\t\t\t\t\t\t<div class=\"dslc-accordion-item\" id=\"accordion-4\">\r\n\r\n\t\t\t\t\t\t\t\t<div class=\"dslc-accordion-header dslc-accordion-hook\">\r\n\t\t\t\t\t\t\t\t\t<span class=\"dslc-accordion-title\" >                        \u00bfQu\u00e9 es el \"Oficio\" en este contexto?<\/span>\r\n\t\t\t\t\t\t\t\t\t\t\t\t\t\t\t\t\t\t\t\t\t\t\t\t\t\t\t\t<div class=\"dslca-accordion-action-hooks\">\r\n\t\t\t\t\t\t\t\t\t\t\t<span class=\"dslca-toggle-accordion-hook\"><span class=\"dslca-icon dslc-icon-minus\"><\/span><\/span>\r\n\t\t\t\t\t\t\t\t\t\t<\/div>\r\n\t\t\t\t\t\t\t\t\t\t\t\t\t\t\t\t\t<\/div>\r\n\r\n\t\t\t\t\t\t\t\t<div class=\"dslc-accordion-content\">\r\n\t\t\t\t\t\t\t\t\t<div class=\"dslca-editable-content\">\r\n\t\t\t\t\t\t\t\t\t\t <p data-path-to-node=\"18\">Es una carta o documento formal dirigido a la direcci\u00f3n de investigaci\u00f3n o al administrador del repositorio, donde explicas detalladamente qu\u00e9 modificaci\u00f3n solicitas (ej: \"Solicito correcci\u00f3n del t\u00edtulo 'X' por el t\u00edtulo 'Y'\"). Sin este documento explicativo, no se puede proceder con la correcci\u00f3n.<\/p>\t\t\t\t\t\t\t\t\t<\/div>\r\n\t\t\t\t\t\t\t\t\t\t\t\t\t\t\t\t\t<\/div><!-- .dslc-accordion-content -->\r\n\r\n\t\t\t\t\t\t\t<\/div><!-- .dslc-accordion-item -->\r\n\r\n\t\t\t\t\t\t\r\n\t\t\t\t\t\r\n\t\t\t\t\t\r\n\t\t\t\t<\/div><!-- .dslc-accordion -->\r\n\r\n\t\t\r\n\t\t\t\t<\/div><!-- .dslc-module -->\r\n\t\t<\/div><div class=\"dslc-modules-area dslc-col dslc-4-col dslc-last-col dslc-valign-undefined \" data-size=\"4\" data-valign=\"undefined\">\r\n\t\t<div id=\"dslc-module-46346696886\" class=\"dslc-module-front dslc-module-DSLC_Shortcode dslc-in-viewport-check dslc-in-viewport-anim-none  dslc-col dslc-12-col dslc-last-col  dslc-module-handle-like-regular \" data-module-id=\"46346696886\" data-module=\"DSLC_Shortcode\" data-dslc-module-size=\"12\" data-dslc-anim=\"none\" data-dslc-anim-delay=\"\" data-dslc-anim-duration=\"650\"  data-dslc-anim-easing=\"ease\" data-dslc-preset=\"none\" >\r\n\r\n\t\t\t\r\n\t\t\t\r\n\t\t\t\t<div class=\"dslc-module-shortcode\">\r\n\t\t\t        \r\n        <div class=\"feedback-card\" data-key=\"post-393\" data-post-id=\"393\">\r\n      <p class=\"feedback-title\">\u00bfTe sirvi\u00f3 el contenido?<\/p>\r\n\r\n      <div class=\"fw-thank-you-msg\" style=\"display:none;\">\r\n          \u00a1Gracias por tu feedback!\r\n      <\/div>\r\n\r\n      <div class=\"feedback-top\">\r\n        <div class=\"feedback-vote\">\r\n          <button class=\"circle-btn like\" data-action=\"like\">\r\n            <i class=\"fa fa-thumbs-up\" aria-hidden=\"true\"><\/i>\r\n          <\/button>\r\n          <span class=\"vote-count like-count\">0<\/span>\r\n        <\/div>\r\n        <div class=\"feedback-vote\">\r\n          <button class=\"circle-btn dislike\" data-action=\"dislike\">\r\n            <i class=\"fa fa-thumbs-down\" aria-hidden=\"true\"><\/i>\r\n          <\/button>\r\n          <span class=\"vote-count dislike-count\">0<\/span>\r\n        <\/div>\r\n      <\/div>\r\n\r\n      <hr>\r\n\r\n      <div class=\"feedback-bottom\">\r\n        <button class=\"icon-btn\" data-action=\"print\">\r\n          <i class=\"fa fa-print\" aria-hidden=\"true\"><\/i>\r\n          <span>Imprimir<\/span>\r\n        <\/button>\r\n        <button class=\"icon-btn\" data-action=\"share\">\r\n          <i class=\"fa fa-share-alt\" aria-hidden=\"true\"><\/i>\r\n          <span>Compartir<\/span>\r\n        <\/button>\r\n        <button class=\"icon-btn\" data-action=\"save\">\r\n          <i class=\"fa fa-bookmark\" aria-hidden=\"true\"><\/i>\r\n          <span>Guardar<\/span>\r\n        <\/button>\r\n      <\/div>\r\n\r\n      <!-- FORMULARIO QUE SALE AL HACER DISLIKE -->\r\n      <div class=\"feedback-form\" style=\"display:none; margin-top:20px; text-align:left;\">\r\n        <p><strong>Todos los campos son obligatorios.<\/strong><\/p>\r\n        <p><strong>*Selecciona una de estas opciones:<\/strong><\/p>\r\n\r\n        <label class=\"fw-option\">\r\n          <input type=\"radio\" name=\"fw_motivo_393\" value=\"Algo aqu\u00ed no funciona\">\r\n          <span>Algo aqu\u00ed no funciona<\/span>\r\n        <\/label>\r\n        <label class=\"fw-option\">\r\n          <input type=\"radio\" name=\"fw_motivo_393\" value=\"Falta informaci\u00f3n\">\r\n          <span>Falta informaci\u00f3n<\/span>\r\n        <\/label>\r\n        <label class=\"fw-option\">\r\n          <input type=\"radio\" name=\"fw_motivo_393\" value=\"Hay informaci\u00f3n incorrecta\">\r\n          <span>Hay informaci\u00f3n incorrecta<\/span>\r\n        <\/label>\r\n        <label class=\"fw-option\">\r\n          <input type=\"radio\" name=\"fw_motivo_393\" value=\"No es f\u00e1cil de entender\">\r\n          <span>No es f\u00e1cil de entender<\/span>\r\n        <\/label>\r\n        <label class=\"fw-option\">\r\n          <input type=\"radio\" name=\"fw_motivo_393\" value=\"Otra raz\u00f3n\">\r\n          <span>Otra raz\u00f3n<\/span>\r\n        <\/label>\r\n\r\n        <p style=\"margin-top:10px;\"><strong>*Ind\u00edcanos por qu\u00e9<\/strong><\/p>\r\n        <textarea name=\"fw_detalle_393\" rows=\"3\" style=\"width:100%;\"><\/textarea>\r\n\r\n\r\n        <button type=\"button\" class=\"fw-send-btn\">\r\n          Enviar\r\n        <\/button>\r\n\r\n        <p class=\"fw-msg\" style=\"margin-top:10px; font-size:13px;\"><\/p>\r\n      <\/div>\r\n\r\n    <\/div>\r\n\r\n    \t\t<\/div>\r\n\t\t\r\n\t\t\t\t<\/div><!-- .dslc-module -->\r\n\t\t<\/div><\/div><\/div><\/div>","protected":false},"excerpt":{"rendered":"<p>Solicitud de publicaci\u00f3n de Programas Inform\u00e1ticos en el Repositorio Institucional UNSA Este servicio est\u00e1 dirigido a los desarrolladores, docentes y estudiantes de la UNSA que deseen registrar software, aplicaciones o sistemas inform\u00e1ticos desarrollados en la universidad. El tr\u00e1mite permite salvaguardar el c\u00f3digo fuente y la documentaci\u00f3n t\u00e9cnica en el Repositorio Institucional. Iniciar solicitud Antes de [&hellip;]<\/p>\n","protected":false},"author":39,"featured_media":0,"parent":0,"menu_order":0,"comment_status":"closed","ping_status":"closed","template":"","meta":{"_links_to":"","_links_to_target":""},"categories":[],"tags":[],"wps_subtitle":"","rttpg_featured_image_url":null,"rttpg_author":{"display_name":"lucia","author_link":"https:\/\/vri.unsa.edu.pe\/gestion-informacion\/author\/lucia\/"},"rttpg_comment":0,"rttpg_category":false,"rttpg_excerpt":"Solicitud de publicaci\u00f3n de Programas Inform\u00e1ticos en el Repositorio Institucional UNSA Este servicio est\u00e1 dirigido a los desarrolladores, docentes y estudiantes de la UNSA que deseen registrar software, aplicaciones o sistemas inform\u00e1ticos desarrollados en la universidad. El tr\u00e1mite permite salvaguardar el c\u00f3digo fuente y la documentaci\u00f3n t\u00e9cnica en el Repositorio Institucional. Iniciar solicitud Antes de&hellip;","_links":{"self":[{"href":"https:\/\/vri.unsa.edu.pe\/gestion-informacion\/wp-json\/wp\/v2\/pages\/393"}],"collection":[{"href":"https:\/\/vri.unsa.edu.pe\/gestion-informacion\/wp-json\/wp\/v2\/pages"}],"about":[{"href":"https:\/\/vri.unsa.edu.pe\/gestion-informacion\/wp-json\/wp\/v2\/types\/page"}],"author":[{"embeddable":true,"href":"https:\/\/vri.unsa.edu.pe\/gestion-informacion\/wp-json\/wp\/v2\/users\/39"}],"replies":[{"embeddable":true,"href":"https:\/\/vri.unsa.edu.pe\/gestion-informacion\/wp-json\/wp\/v2\/comments?post=393"}],"version-history":[{"count":1,"href":"https:\/\/vri.unsa.edu.pe\/gestion-informacion\/wp-json\/wp\/v2\/pages\/393\/revisions"}],"predecessor-version":[{"id":394,"href":"https:\/\/vri.unsa.edu.pe\/gestion-informacion\/wp-json\/wp\/v2\/pages\/393\/revisions\/394"}],"wp:attachment":[{"href":"https:\/\/vri.unsa.edu.pe\/gestion-informacion\/wp-json\/wp\/v2\/media?parent=393"}],"wp:term":[{"taxonomy":"category","embeddable":true,"href":"https:\/\/vri.unsa.edu.pe\/gestion-informacion\/wp-json\/wp\/v2\/categories?post=393"},{"taxonomy":"post_tag","embeddable":true,"href":"https:\/\/vri.unsa.edu.pe\/gestion-informacion\/wp-json\/wp\/v2\/tags?post=393"}],"curies":[{"name":"wp","href":"https:\/\/api.w.org\/{rel}","templated":true}]}}